{"id":106,"date":"2023-05-15T02:42:41","date_gmt":"2023-05-15T02:42:41","guid":{"rendered":"https:\/\/nutrimas-sa.com.ar\/?page_id=106"},"modified":"2024-05-01T22:22:40","modified_gmt":"2024-05-01T22:22:40","slug":"servicios","status":"publish","type":"page","link":"https:\/\/nutrimas-sa.com.ar\/?page_id=106","title":{"rendered":"Servicios"},"content":{"rendered":"<p>[et_pb_section fb_built=\u00bb1&#8243; _builder_version=\u00bb4.9.2&#8243; _module_preset=\u00bbdefault\u00bb min_height=\u00bb395.4px\u00bb custom_margin=\u00bb50px||||false|false\u00bb custom_padding=\u00bb||3px|||\u00bb][et_pb_row _builder_version=\u00bb4.9.2&#8243; _module_preset=\u00bbdefault\u00bb background_image=\u00bbhttps:\/\/nutrimas-sa.com.ar\/wp-content\/uploads\/2023\/05\/Fondo-header-nuestros-servicios.png\u00bb width=\u00bb100%\u00bb max_width=\u00bb100%\u00bb min_height=\u00bb337.4px\u00bb custom_margin=\u00bb-26px|auto||auto||\u00bb custom_padding=\u00bb||6px|||\u00bb][et_pb_column type=\u00bb4_4&#8243; _builder_version=\u00bb4.9.2&#8243; _module_preset=\u00bbdefault\u00bb][et_pb_text _builder_version=\u00bb4.9.2&#8243; _module_preset=\u00bbdefault\u00bb text_font=\u00bbMonserrat-Bold||||||||\u00bb text_text_color=\u00bb#ffffff\u00bb text_font_size=\u00bb50px\u00bb background_enable_image=\u00bboff\u00bb width=\u00bb20%\u00bb width_tablet=\u00bb\u00bb width_phone=\u00bb50%\u00bb width_last_edited=\u00bbon|phone\u00bb height=\u00bb119px\u00bb custom_margin=\u00bb6.1%|33px||11.8%|false|false\u00bb hover_enabled=\u00bb0&#8243; text_font_size_tablet=\u00bb\u00bb text_font_size_phone=\u00bb23px\u00bb text_font_size_last_edited=\u00bbon|phone\u00bb sticky_enabled=\u00bb0&#8243;]<\/p>\n<p style=\"text-align: left; text-shadow: 0px 4px 4px #000000;\">Nuestros<\/p>\n<p style=\"text-align: left; text-shadow: 0px 4px 4px #000000;\">Servicios<\/p>\n<p>[\/et_pb_text][\/et_pb_column][\/et_pb_row][\/et_pb_section][et_pb_section fb_built=\u00bb1&#8243; _builder_version=\u00bb4.9.2&#8243; _module_preset=\u00bbdefault\u00bb background_color=\u00bb#f5f5f5&#8243; custom_margin=\u00bb-32px|||||\u00bb][et_pb_row column_structure=\u00bb1_2,1_2&#8243; _builder_version=\u00bb4.9.2&#8243; _module_preset=\u00bbdefault\u00bb background_enable_image=\u00bboff\u00bb background_size=\u00bbinitial\u00bb max_width=\u00bb70%\u00bb module_alignment=\u00bbcenter\u00bb custom_padding=\u00bb38px||1px|||\u00bb][et_pb_column type=\u00bb1_2&#8243; _builder_version=\u00bb4.9.2&#8243; _module_preset=\u00bbdefault\u00bb][et_pb_image src=\u00bbhttps:\/\/nutrimas-sa.com.ar\/wp-content\/uploads\/2023\/05\/grupo-pollito.png\u00bb title_text=\u00bbgrupo pollito\u00bb align=\u00bbcenter\u00bb _builder_version=\u00bb4.9.2&#8243; _module_preset=\u00bbdefault\u00bb background_enable_image=\u00bboff\u00bb background_size=\u00bbinitial\u00bb background_position=\u00bbbottom_right\u00bb width=\u00bb89.9%\u00bb width_tablet=\u00bb\u00bb width_phone=\u00bb80%\u00bb width_last_edited=\u00bbon|phone\u00bb min_height=\u00bb100px\u00bb custom_margin=\u00bb-10px||-5px|56px||\u00bb transform_styles__hover_enabled=\u00bbon|hover\u00bb transform_scale__hover_enabled=\u00bbon|hover\u00bb transform_translate__hover_enabled=\u00bbon|desktop\u00bb transform_rotate__hover_enabled=\u00bbon|desktop\u00bb transform_skew__hover_enabled=\u00bbon|desktop\u00bb transform_origin__hover_enabled=\u00bbon|desktop\u00bb transform_scale__hover=\u00bb120%|120%\u00bb][\/et_pb_image][\/et_pb_column][et_pb_column type=\u00bb1_2&#8243; _builder_version=\u00bb4.9.2&#8243; _module_preset=\u00bbdefault\u00bb][et_pb_text _builder_version=\u00bb4.9.2&#8243; _module_preset=\u00bbdefault\u00bb text_font=\u00bbMonserrat-Bold||||||||\u00bb text_text_color=\u00bb#8fae4c\u00bb text_font_size=\u00bb17px\u00bb text_letter_spacing=\u00bb1px\u00bb text_line_height=\u00bb1.4em\u00bb width=\u00bb71.5%\u00bb max_width=\u00bb540px\u00bb height=\u00bb270px\u00bb custom_margin=\u00bb|||39px||\u00bb text_font_size_tablet=\u00bb\u00bb text_font_size_phone=\u00bb14px\u00bb text_font_size_last_edited=\u00bbon|phone\u00bb module_alignment_tablet=\u00bb\u00bb module_alignment_phone=\u00bbcenter\u00bb module_alignment_last_edited=\u00bbon|phone\u00bb]<\/p>\n<p>\u201cEn Nutrimas S.A. estamos enfocados en el apoyo t\u00e9cnico\u00a0 a la producci\u00f3n en las\u00a0 \u00a0 especies que intervenimos (cerdos, aves y bovinos), para\u00a0 lo cual contamos con un equipo t\u00e9cnico capacitado y con experiencia. Por tal\u00a0 motivo, ofrecemos los siguientes servicios:<\/p>\n<p>[\/et_pb_text][\/et_pb_column][\/et_pb_row][\/et_pb_section][et_pb_section fb_built=\u00bb1&#8243; _builder_version=\u00bb4.9.2&#8243; _module_preset=\u00bbdefault\u00bb min_height=\u00bb1289px\u00bb custom_padding=\u00bb||0px|||\u00bb][et_pb_row column_structure=\u00bb1_3,2_3&#8243; custom_padding_last_edited=\u00bbon|phone\u00bb _builder_version=\u00bb4.9.2&#8243; _module_preset=\u00bbdefault\u00bb width_tablet=\u00bb\u00bb width_phone=\u00bb70%\u00bb width_last_edited=\u00bbon|phone\u00bb custom_margin=\u00bb|auto|-10px|205px||\u00bb custom_margin_tablet=\u00bb\u00bb custom_margin_phone=\u00bb|||89px|false|false\u00bb custom_margin_last_edited=\u00bbon|phone\u00bb custom_padding=\u00bb|4px||||\u00bb custom_padding_tablet=\u00bb\u00bb custom_padding_phone=\u00bb\u00bb][et_pb_column type=\u00bb1_3&#8243; _builder_version=\u00bb4.9.2&#8243; _module_preset=\u00bbdefault\u00bb][et_pb_image src=\u00bbhttps:\/\/nutrimas-sa.com.ar\/wp-content\/uploads\/2023\/05\/Vacas.png\u00bb title_text=\u00bbVacas\u00bb _builder_version=\u00bb4.9.2&#8243; _module_preset=\u00bbdefault\u00bb width=\u00bb85%\u00bb custom_margin=\u00bb|65px||||\u00bb transform_styles__hover_enabled=\u00bbon|hover\u00bb transform_scale__hover_enabled=\u00bbon|hover\u00bb transform_translate__hover_enabled=\u00bbon|desktop\u00bb transform_rotate__hover_enabled=\u00bbon|desktop\u00bb transform_skew__hover_enabled=\u00bbon|desktop\u00bb transform_origin__hover_enabled=\u00bbon|desktop\u00bb transform_scale__hover=\u00bb120%|120%\u00bb][\/et_pb_image][et_pb_image src=\u00bbhttps:\/\/nutrimas-sa.com.ar\/wp-content\/uploads\/2023\/05\/Cerdos.png\u00bb title_text=\u00bbCerdos\u00bb _builder_version=\u00bb4.9.2&#8243; _module_preset=\u00bbdefault\u00bb width=\u00bb85%\u00bb transform_styles__hover_enabled=\u00bbon|hover\u00bb transform_scale__hover_enabled=\u00bbon|hover\u00bb transform_translate__hover_enabled=\u00bbon|desktop\u00bb transform_rotate__hover_enabled=\u00bbon|desktop\u00bb transform_skew__hover_enabled=\u00bbon|desktop\u00bb transform_origin__hover_enabled=\u00bbon|desktop\u00bb transform_scale__hover=\u00bb120%|120%\u00bb][\/et_pb_image][et_pb_image src=\u00bbhttps:\/\/nutrimas-sa.com.ar\/wp-content\/uploads\/2023\/05\/Pollos.png\u00bb title_text=\u00bbPollos\u00bb _builder_version=\u00bb4.9.2&#8243; _module_preset=\u00bbdefault\u00bb width=\u00bb85%\u00bb transform_styles__hover_enabled=\u00bbon|hover\u00bb transform_scale__hover_enabled=\u00bbon|hover\u00bb transform_translate__hover_enabled=\u00bbon|desktop\u00bb transform_rotate__hover_enabled=\u00bbon|desktop\u00bb transform_skew__hover_enabled=\u00bbon|desktop\u00bb transform_origin__hover_enabled=\u00bbon|desktop\u00bb transform_scale__hover=\u00bb120%|120%\u00bb][\/et_pb_image][\/et_pb_column][et_pb_column type=\u00bb2_3&#8243; _builder_version=\u00bb4.9.2&#8243; _module_preset=\u00bbdefault\u00bb][et_pb_text _builder_version=\u00bb4.9.2&#8243; _module_preset=\u00bbdefault\u00bb text_font=\u00bbMonserrat-Regular||||||||\u00bb text_text_color=\u00bb#202f50&#8243; text_font_size=\u00bb18px\u00bb text_letter_spacing=\u00bb2px\u00bb text_line_height=\u00bb1.5em\u00bb width=\u00bb74.4%\u00bb min_height=\u00bb1148px\u00bb text_font_size_tablet=\u00bb\u00bb text_font_size_phone=\u00bb14px\u00bb text_font_size_last_edited=\u00bbon|phone\u00bb]<\/p>\n<p>\u2022 Revisi\u00f3n y validaci\u00f3n de f\u00f3rmulas, ajustes de requerimientos nutricionales y programas de alimentaci\u00f3n.<\/p>\n<p>\u2022 Revisi\u00f3n y ajustes de matrices nutricionales de materias primas existentes como tambi\u00e9n de ingredientes alternativos disponibles en cada situaci\u00f3n.<\/p>\n<p>\u2022 Interacci\u00f3n con las personas responsables del \u00e1rea nutrici\u00f3n y producci\u00f3n, plantas de alimentos y control de calidad, para permitir a \u00e9stas personas contar con respaldo permanente a su toma de decisiones.<\/p>\n<p>\u2022 Visitas t\u00e9cnicas en planta de alimentos para verificar y\/o ajustar procesos de producci\u00f3n.<\/p>\n<p>\u2022 Desarrollar y monitorear planes de control de calidad de materias primas y alimentos terminados, tanto sea en laboratorios propios como externos.<\/p>\n<p>\u2022 Visitas t\u00e9cnicas en granjas, con recomendaciones relacionadas principalmente en nutrici\u00f3n, alimentaci\u00f3n y manejo con mayor foco en relaci\u00f3n a la alimentaci\u00f3n y la producci\u00f3n.<\/p>\n<p>\u2022 Charlas t\u00e9cnicas en seminarios y\/o talleres para sus t\u00e9cnicos y operarios.<\/p>\n<p>\u2022 Interpretaci\u00f3n de resultados productivos que ayuden a tomar decisiones futuras.<\/p>\n<p>[\/et_pb_text][\/et_pb_column][\/et_pb_row][\/et_pb_section]<\/p>\n","protected":false},"excerpt":{"rendered":"<p>[et_pb_section fb_built=\u00bb1&#8243; _builder_version=\u00bb4.9.2&#8243; _module_preset=\u00bbdefault\u00bb min_height=\u00bb395.4px\u00bb custom_margin=\u00bb50px||||false|false\u00bb custom_padding=\u00bb||3px|||\u00bb][et_pb_row _builder_version=\u00bb4.9.2&#8243; _module_preset=\u00bbdefault\u00bb background_image=\u00bbhttps:\/\/nutrimas-sa.com.ar\/wp-content\/uploads\/2023\/05\/Fondo-header-nuestros-servicios.png\u00bb width=\u00bb100%\u00bb max_width=\u00bb100%\u00bb min_height=\u00bb337.4px\u00bb custom_margin=\u00bb-26px|auto||auto||\u00bb custom_padding=\u00bb||6px|||\u00bb][et_pb_column type=\u00bb4_4&#8243; _builder_version=\u00bb4.9.2&#8243; _module_preset=\u00bbdefault\u00bb][et_pb_text _builder_version=\u00bb4.9.2&#8243; _module_preset=\u00bbdefault\u00bb text_font=\u00bbMonserrat-Bold||||||||\u00bb text_text_color=\u00bb#ffffff\u00bb text_font_size=\u00bb50px\u00bb background_enable_image=\u00bboff\u00bb width=\u00bb20%\u00bb width_tablet=\u00bb\u00bb width_phone=\u00bb50%\u00bb width_last_edited=\u00bbon|phone\u00bb height=\u00bb119px\u00bb custom_margin=\u00bb6.1%|33px||11.8%|false|false\u00bb hover_enabled=\u00bb0&#8243; text_font_size_tablet=\u00bb\u00bb text_font_size_phone=\u00bb23px\u00bb text_font_size_last_edited=\u00bbon|phone\u00bb sticky_enabled=\u00bb0&#8243;] Nuestros Servicios [\/et_pb_text][\/et_pb_column][\/et_pb_row][\/et_pb_section][et_pb_section fb_built=\u00bb1&#8243; _builder_version=\u00bb4.9.2&#8243; _module_preset=\u00bbdefault\u00bb background_color=\u00bb#f5f5f5&#8243; custom_margin=\u00bb-32px|||||\u00bb][et_pb_row column_structure=\u00bb1_2,1_2&#8243; _builder_version=\u00bb4.9.2&#8243; _module_preset=\u00bbdefault\u00bb background_enable_image=\u00bboff\u00bb background_size=\u00bbinitial\u00bb max_width=\u00bb70%\u00bb module_alignment=\u00bbcenter\u00bb custom_padding=\u00bb38px||1px|||\u00bb][et_pb_column type=\u00bb1_2&#8243; _builder_version=\u00bb4.9.2&#8243; _module_preset=\u00bbdefault\u00bb][et_pb_image src=\u00bbhttps:\/\/nutrimas-sa.com.ar\/wp-content\/uploads\/2023\/05\/grupo-pollito.png\u00bb [&hellip;]<\/p>\n","protected":false},"author":1,"featured_media":0,"parent":0,"menu_order":0,"comment_status":"closed","ping_status":"closed","template":"","meta":{"_et_pb_use_builder":"on","_et_pb_old_content":"","_et_gb_content_width":"","footnotes":""},"class_list":["post-106","page","type-page","status-publish","hentry"],"_links":{"self":[{"href":"https:\/\/nutrimas-sa.com.ar\/index.php?rest_route=\/wp\/v2\/pages\/106","targetHints":{"allow":["GET"]}}],"collection":[{"href":"https:\/\/nutrimas-sa.com.ar\/index.php?rest_route=\/wp\/v2\/pages"}],"about":[{"href":"https:\/\/nutrimas-sa.com.ar\/index.php?rest_route=\/wp\/v2\/types\/page"}],"author":[{"embeddable":true,"href":"https:\/\/nutrimas-sa.com.ar\/index.php?rest_route=\/wp\/v2\/users\/1"}],"replies":[{"embeddable":true,"href":"https:\/\/nutrimas-sa.com.ar\/index.php?rest_route=%2Fwp%2Fv2%2Fcomments&post=106"}],"version-history":[{"count":15,"href":"https:\/\/nutrimas-sa.com.ar\/index.php?rest_route=\/wp\/v2\/pages\/106\/revisions"}],"predecessor-version":[{"id":882,"href":"https:\/\/nutrimas-sa.com.ar\/index.php?rest_route=\/wp\/v2\/pages\/106\/revisions\/882"}],"wp:attachment":[{"href":"https:\/\/nutrimas-sa.com.ar\/index.php?rest_route=%2Fwp%2Fv2%2Fmedia&parent=106"}],"curies":[{"name":"wp","href":"https:\/\/api.w.org\/{rel}","templated":true}]}}